 358091?
3
What is the hundreds digit of 3534518?
5
What is the hundreds digit of 4531857?
8
What is the hundred thousands digit of 186208?
1
What is the millions digit of 8559844?
8
What is the ten thousands digit of 5102268?
0
What is the tens digit of 24488?
8
What is the thousands digit of 12559426?
9
What is the thousands digit of 249541?
9
What is the hundred thousands digit of 2181168?
1
What is the thousands digit of 6823898?
3
What is the ten thousands digit of 974357?
7
What is the hundreds digit of 675257?
2
What is the hundred thousands digit of 8393937?
3
What is the thousands digit of 2539669?
9
What is the hundred thousands digit of 1056881?
0
What is the millions digit of 1270830?
1
What is the ten thousands digit of 3727246?
2
What is the hundreds digit of 443736?
7
What is the ten thousands digit of 434980?
3
What is the hundred thousands digit of 225227?
2
What is the ten millions digit of 19733278?
1
What is the hundred thousands digit of 1412443?
4
What is the hundred thousands digit of 367142?
3
What is the tens digit of 258795?
9
What is the thousands digit of 188322?
8
What is the thousands digit of 4018784?
8
What is the hundreds digit of 786624?
6
What is the ten thousands digit of 109923?
0
What is the tens digit of 20641196?
9
What is the thousands digit of 30408001?
8
What is the thousands digit of 2313540?
3
What is the hundreds digit of 9010396?
3
What is the tens digit of 538808?
0
What is the millions digit of 3416360?
3
What is the hundred thousands digit of 460747?
4
What is the ten thousands digit of 370224?
7
What is the hundreds digit of 661037?
0
What is the hundred thousands digit of 17475535?
4
What is the thousands digit of 4353719?
3
What is the millions digit of 19297343?
9
What is the hundreds digit of 38135?
1
What is the tens digit of 254116?
1
What is the millions digit of 1966029?
1
What is the hundreds digit of 41397331?
3
What is the hundred thousands digit of 6334749?
3
What is the ten thousands digit of 2145188?
4
What is the hundred thousands digit of 115404?
1
What is the tens digit of 994281?
8
What is the units digit of 1088665?
5
What is the tens digit of 37204526?
2
What is the thousands digit of 20233859?
3
What is the ten thousands digit of 1995337?
9
What is the thousands digit of 11404471?
4
What is the tens digit of 431294?
9
What is the thousands digit of 845124?
5
What is the ten thousands digit of 379925?
7
What is the tens digit of 28329146?
4
What is the ten thousands digit of 596788?
9
What is the units digit of 31496937?
7
What is the tens digit of 369687?
8
What is the ten thousands digit of 767842?
6
What is the thousands digit of 11215091?
5
What is the units digit of 976559?
9
What is the units digit of 790812?
2
What is the tens digit of 73916?
1
What is the units digit of 1155839?
9
What is the thousands digit of 3773844?
3
What is the units digit of 201438?
8
What is the hundreds digit of 475350?
3
What is the hundreds digit of 3847614?
6
What is the units digit of 839815?
5
What is the ten thousands digit of 389862?
8
What is the ten thousands digit of 89935?
8
What is the hundreds digit of 1237123?
1
What is the hundred thousands digit of 147570?
1
What is the thousands digit of 201960?
1
What is the ten thousands digit of 98126?
9
What is the thousands digit of 295286?
5
What is the hundred thousands digit of 241253?
2
What is the units digit of 660849?
9
What is the hundreds digit of 4503860?
8
What is the ten thousands digit of 327541?
2
What is the ten thousands digit of 24280517?
8
What is the ten thousands digit of 225544?
2
What is the hundred thousands digit of 125982?
1
What is the hundred thousands digit of 228706?
2
What is the ten thousands digit of 1901532?
0
What is the tens digit of 24359?
5
What is the millions digit of 11384972?
1
What is the units digit of 1591582?
2
What is the millions digit of 19116695?
9
What is the hundreds digit of 401886?
8
What is the ten thousands digit of 6115949?
1
What is the thousands digit of 829793?
9
What is the units digit of 86554?
4
What is the hundred thousands digit of 3741084?
7
What is the tens digit of 389927?
2
What is the units digit of 6148614?
4
What is the ten thousands digit of 3616028?
1
What is the hundred thousands digit of 595998?
5
What is the hundred thousands digit of 1477628?
4
What is the hundred thousands digit of 3711215?
7
What is the hundreds digit of 319441?
4
What is the ten thousands digit of 7725323?
2
What is the units digit of 63835?
5
What is the hundreds digit of 19546?
5
What is the millions digit of 1147564?
1
What is the millions digit of 14429441?
4
What is the thousands digit of 1798522?
8
What is the millions digit of 1534538?
1
What is the ten thousands digit of 20946856?
4
What is the hundred thousands digit of 5272506?
2
What is the ten thousands digit of 187571?
8
What is the units digit of 7607397?
7
What is the ten millions digit of 20801318?
2
What is the hundred thousands digit of 282497?
2
What is the ten thousands digit of 26285390?
8
What is the units digit of 23332125?
5
What is the thousands digit of 7291396?
1
What is the hundreds digit of 9375168?
1
What is the ten thousands digit of 24396?
2
What is the hundreds digit of 1462145?
1
What is the millions digit of 1037721?
1
What is the hundreds digit of 3534325?
3
What is the tens digit of 24437211?
1
What is the tens digit of 273180?
8
What is the ten thousands digit of 797737?
9
What is the units digit of 2021060?
0
What is the units digit of 646061?
1
What is the ten millions digit of 18001987?
1
What is the tens digit of 336418?
1
What is the hundred thousands digit of 3864104?
8
What is the ten thousands digit of 952802?
5
What is the ten thousands digit of 4372147?
7
What is the millions digit of 2470961?
2
What is the hundred thousands digit of 438714?
4
What is the ten thousands digit of 132641?
3
What is the tens digit of 63405?
0
What is the hundred thousands digit of 504205?
5
What is the thousands digit of 16842516?
2
What is the ten thousands digit of 228301?
2
What is the thousands digit of 1812741?
2
What is the hundreds digit of 1149844?
8
What is the units digit of 188043?
3
What is the hundreds digit of 1913?
9
What is the hundreds digit of 46750?
7
What is the tens digit of 234545?
4
What is the units digit of 32406?
6
What is the hundred thousands digit of 224220?
2
What is the units digit of 749293?
3
What is the ten millions digit of 14052524?
1
What is the thousands digit of 6252344?
2
What is the thousands digit of 1245156?
5
What is the thousands digit of 248448?
8
What is the tens digit of 313252?
5
What is the thousands digit of 1361474?
1
What is the millions digit of 7053917?
7
What is the ten thousands digit of 150586?
5
What is the tens digit of 4049143?
4
What is the tens digit of 352412?
1
What is the thousands digit of 1835256?
5
What is the units digit of 495591?
1
What is the tens digit of 3824027?
2
What is the thousands digit of 87615?
7
What is the units digit of 84683?
3
What is the ten thousands digit of 54295?
5
What is the units digit of 743298?
8
What is the units digit of 121103?
3
What is the ten thousands digit of 5932539?
3
What is the units digit of 191764?
4
What is the tens digit of 5376587?
8
What is the millions digit of 5127407?
5
What is the units digit of 117044?
4
What is the units digit of 588639?
9
What is the units digit of 4337055?
5
What is the ten thousands digit of 3632730?
3
What is the tens digit of 218531?
3
What is the units digit of 2627505?
5
What is the tens digit of 2030264?
6
What is the hundred thousands digit of 1787227?
7
What is the thousands digit of 76767?
6
What is the thousands digit of 5566538?
6
What is the hundreds digit of 469735?
7
What is the hundred thousands digit of 2282267?
2
What is the millions digit of 6127925?
6
What is the hundred thousands digit of 949776?
9
What is the hundred thousands digit of 156882?
1
What is the ten thousands digit of 512186?
1
What is the hundreds digit of 3626173?
1
What is the ten thousands digit of 127084?
2
What is the ten thousands digit of 2492333?
9
What is the tens digit of 3895985?
8
What is the hundreds digit of 77644?
6
What is the ten thousands digit of 179121?
7
What is the 